{"id":45,"date":"2018-11-13T17:47:59","date_gmt":"2018-11-13T21:47:59","guid":{"rendered":"https:\/\/wtcv.net\/commerce\/?post_type=product&#038;p=45"},"modified":"2021-07-20T16:46:50","modified_gmt":"2021-07-20T20:46:50","slug":"publicacion-de-spot-en-circuitos-idm-en-wtc-valencia","status":"publish","type":"product","link":"https:\/\/wtcv.net\/commerce\/product\/publicacion-de-spot-en-circuitos-idm-en-wtc-valencia\/","title":{"rendered":"Publicaci\u00f3n de Spot en Circuitos IDM en WTC Valencia en Zona A por 3 meses"},"content":{"rendered":"<p style=\"text-align: justify;\">Emocione a sus potenciales Clientes. Muestre su Marca, Productos y Servicios ante la audiencia de mayor poder adquisitivo.<\/p>\n<p style=\"text-align: justify;\">Reproducci\u00f3n diaria de su Spot de 100 veces aproximadamente en horario de 5 am a 12 pm en con 20 segundos de duraci\u00f3n cada vez en cada una de las Nueve Pantallas LED de 50\u2033 y 60\u2033 ubicadas en los sitios m\u00e1s estrat\u00e9gicos del Complejo WTC Valencia, Centro de Convenciones y Hotel Hesperia-WTC.<\/p>\n<p style=\"text-align: justify;\">\nSu Spot debe ser de dimensiones Full HD (1920 x 1080 p\u00edxeles) en aspecto horizontal<\/p>\n<p style=\"text-align: justify;\">Recomendamos para mayor efectividad que su contrato tenga una duraci\u00f3n m\u00ednima de 90 d\u00edas<\/p>\n","protected":false},"excerpt":{"rendered":"<p>Reproducci\u00f3n diaria de 100 spot aproximadamente de 20&#8243; en horario de 5 am a 12 pm en cada una de las Nueve Pantallas LED de 50&#8243; y 60&#8243; ubicadas en los sitios m\u00e1s estrat\u00e9gicos del Complejo WTC Valencia, Centro de Convenciones y Hotel Hesperia-WTC.<\/p>\n","protected":false},"featured_media":46,"comment_status":"open","ping_status":"closed","template":"","meta":{"_crdt_document":""},"product_brand":[],"product_cat":[18],"product_tag":[34,24,22,35,23,19],"class_list":{"0":"post-45","1":"product","2":"type-product","3":"status-publish","4":"has-post-thumbnail","6":"product_cat-idm-wtc-valencia","7":"product_tag-digital-signaje","8":"product_tag-exibicion","9":"product_tag-publicacion","10":"product_tag-publicicidad","11":"product_tag-reproduccion","12":"product_tag-spot","14":"first","15":"instock","16":"shipping-taxable","17":"purchasable","18":"product-type-simple"},"_links":{"self":[{"href":"https:\/\/wtcv.net\/commerce\/wp-json\/wp\/v2\/product\/45","targetHints":{"allow":["GET"]}}],"collection":[{"href":"https:\/\/wtcv.net\/commerce\/wp-json\/wp\/v2\/product"}],"about":[{"href":"https:\/\/wtcv.net\/commerce\/wp-json\/wp\/v2\/types\/product"}],"replies":[{"embeddable":true,"href":"https:\/\/wtcv.net\/commerce\/wp-json\/wp\/v2\/comments?post=45"}],"wp:featuredmedia":[{"embeddable":true,"href":"https:\/\/wtcv.net\/commerce\/wp-json\/wp\/v2\/media\/46"}],"wp:attachment":[{"href":"https:\/\/wtcv.net\/commerce\/wp-json\/wp\/v2\/media?parent=45"}],"wp:term":[{"taxonomy":"product_brand","embeddable":true,"href":"https:\/\/wtcv.net\/commerce\/wp-json\/wp\/v2\/product_brand?post=45"},{"taxonomy":"product_cat","embeddable":true,"href":"https:\/\/wtcv.net\/commerce\/wp-json\/wp\/v2\/product_cat?post=45"},{"taxonomy":"product_tag","embeddable":true,"href":"https:\/\/wtcv.net\/commerce\/wp-json\/wp\/v2\/product_tag?post=45"}],"curies":[{"name":"wp","href":"https:\/\/api.w.org\/{rel}","templated":true}]}}